 is divided by 15?
12
Let b = 3311 - 3013. Calculate the remainder when 298 is divided by b.
0
Let v(m) = m**3 + 5*m**2 - 67*m - 11. Let z be v(-11). Suppose 4*f - a - 51 = z, 2*f - 7*f + 75 = -5*a. Calculate the remainder when f is divided by 7.
5
Let j(t) = 27*t + 416. Calculate the remainder when j(-11) is divided by 8/(-2 + 0)*117/(-26).
11
Let j = 107 + -75. Suppose 4 + j = 3*g. Let t = 40 - g. Calculate the remainder when 110 is divided by t.
26
Suppose 28416*n - 560 = 28376*n. Calculate the remainder when 21053 is divided by n.
11
Suppose 3*c + c = 5*x - 2304, 2*c = 2*x - 922. Suppose -4*a + 359 = r, -2*r = 5*a - 3*r - x. What is the remainder when a is divided by 16?
11
Let x(o) = 3*o**3 + 19*o**2 - 27. Suppose 62 = -2*g - 0*g. Let p = g - -91. What is the remainder when p is divided by x(-6)?
6
Suppose 71 = 3*y - 493. Let q = -23638 - -23657. What is the remainder when y is divided by q?
17
Let b = 449 + -312. Suppose -4*y = -2*g - 8, -g + 3*y + 20 = -6*g. Calculate the remainder when b is divided by (-183)/g + (-6)/72*-3.
45
Suppose -11 = -2*x - 2*m + 21, -3*m = 4*x - 69. Let q be (1 - 17)/((-1)/16). Let g = q + -245. What is the remainder when x is divided by g?
10
Suppose 25*q - 509 = 1066. What is the remainder when 744 is divided by q?
51
Let v(p) = -169*p - 19. Let k be (1 - (-5)/15)/((-4)/12). Calculate the remainder when v(k) is divided by 15.
12
Suppose -19*s = -34*s + 15. What is the remainder when 52 is divided by ((-1554)/(-56) - 17) + s/4?
8
Suppose -15997 + 60745 = 36*a. What is the remainder when a is divided by 249?
247
Let h = -1233 + 1260. What is the remainder when 1106 is divided by h?
26
Suppose 3*c + 25 = 4*c. Let j be ((-40)/50)/(5/(-50)). Suppose -4*n + 27 = -g, 2*n + j*g - 3*g = 19. What is the remainder when c is divided by n?
4
Suppose 7*a - 13*a = -30. Suppose 8 = 7*w - a*w. Suppose -4*y - 420 = -5*l + y, w*l + 2*y = 306. Calculate the remainder when l is divided by 41.
38
Suppose -5006*m + 17596 = -4923*m. Calculate the remainder when m is divided by 58.
38
Suppose 5*f - q = 747, f + f - 296 = -q. Let s = f + -59. Calculate the remainder when 354 is divided by s.
84
Suppose -28*w = -25*w - 33. Calculate the remainder when ((-1846)/(-39))/1 + (-2)/6 is divided by w.
3
Let h be (-10)/10 - 3*-1. Suppose h*r - 3*r = -5. Let p(l) = 3*l**2 - 4*l + 10. What is the remainder when p(r) is divided by 17?
14
Let u = -113 - -119. What is the remainder when (-2)/((-12)/510)*6/15 is divided by u?
4
Let b(s) = s**3 + 141*s**2 + 409*s - 500. Calculate the remainder when 1274 is divided by b(-138).
134
Suppose -12*n = -50*n + 494. What is the remainder when 1503 is divided by n?
8
Suppose w + 4*g - 166 + 22 = 0, 2*g = 4*w - 540. Suppose 5*n - 217 = -2*t - t, 59 = t - 5*n. Calculate the remainder when w is divided by t.
67
Let l(z) = 2*z**2 + 49*z - 25. Let y be l(-25). What is the remainder when 106 is divided by (-5 - y - 5)/(-1 - 0)?
6
Let q = 868 - 808. Calculate the remainder when 404 is divided by q.
44
Let s be 6270/72 - 4/48. Calculate the remainder when 240 is divided by s + 4/(-8)*10.
76
Let o = 190 + -185. Suppose -o*s + 3*m + 250 = 0, 4*m + 81 + 164 = 5*s. Calculate the remainder when 143 is divided by s.
37
Let f(b) = -2*b**3 - b**2 + 6*b + 7. Suppose 92 = 3*r - 4*c, -29 - 24 = -2*r + c. Calculate the remainder when f(-4) is divided by r.
23
Let c(j) = -j**2 + 8*j + 2. Let n be c(8). Let m(u) = 308*u + n - 316*u + 8 + 2*u**2. What is the remainder when 66 is divided by m(4)?
6
Suppose 4*p - 4*f - 22 = -6, -3*f = 4*p - 9. Let j(l) = -10*l + 191. Let h be j(23). Let n = 48 + h. Calculate the remainder when n is divided by p.
0
Suppose 101*a - 676 + 3643 = 124*a. What is the remainder when 135 is divided by a?
6
Suppose -55*h + 14*h + 8569 = 0. Calculate the remainder when h is divided by 65.
14
Let r(u) = -16*u**2 + 3*u + 34. Let v be r(5). Let k = 367 + v. What is the remainder when 16 is divided by k?
0
Suppose 11*s - 8 = 7*s, 2*p + 828 = -s. Let a = 430 + p. Let k = 11 - 7. Calculate the remainder when a is divided by k.
3
Suppose 147 = 5*n - 253. Let x be 1403/(-46) + (-5)/2. Let g = -5 - x. What is the remainder when n is divided by g?
24
Let m = -624 - -627. Suppose 0 = -2*x - m*c + 64, -3*x + 118 = c - 2*c. What is the remainder when 873 is divided by x?
37
Let p = -350 + 381. Suppose -37*l + 9*l + 1512 = 0. What is the remainder when l is divided by p?
23
Let d = -836 - -1325. Let q = d + -276. What is the remainder when q is divided by 36?
33
Suppose -3*v - 219 = -2*d, 0 = -d - 83*v + 82*v + 92. Calculate the remainder when d is divided by 15.
9
Calculate the remainder when (2/(-18)*(4 + -493))/((-45)/(-135)) is divided by 20.
3
Let y(b) = b. Let q(c) = c - 1. Let o(u) = -5*q(u) + 4*y(u). Suppose 173*i - 39 + 60 - 367 = 0. What is the remainder when o(i) is divided by 3?
0
Let y(q) = -13*q - 4. Suppose 0 = 3*h - 5*n + 20, -n - 4 - 20 = 5*h. What is the remainder when y(-3) is divided by 1 + 5 + 5/(h/(-4))?
5
Let b = -379 - -376. Let v(o) = o**3 + 5*o**2 - o - 3. Suppose 4*m + 121 = 469. Calculate the remainder when m is divided by v(b).
15
Let u be (-4)/2*5/(-2). Suppose -2*p + 48 - 4 = 3*x, u*x - 3*p = 86. Calculate the remainder when (20/15 - 1)/((-2)/(-360)) is divided by x.
12
Let n = 12 - -24. Suppose -5*r = y - 3, r + n = 4*y - 3*r. Suppose y*a = 4*a + 308. What is the remainder when a is divided by 13?
12
Let x(j) = 43*j + 815. What is the remainder when x(-14) is divided by 205?
8
Let d(k) = 5*k**2 + 62*k + 23. Let n be d(-16). Suppose -1971 + n = -5*j. Calculate the remainder when j is divided by 14.
10
Let f = 7818 + -7805. Calculate the remainder when 799 is divided by f.
6
Let l(u) = 274*u**2 + u. Let m be l(1). Suppose -327 = 3*x + 213. Let h = x + m. What is the remainder when h is divided by 24?
23
Let c(z) = 10*z**2 - 18*z + 1. What is the remainder when c(-9) is divided by 264?
181
Suppose 5*o - 213 = -3*v, -3*v + 86 = 2*o - v. Let g = 118 - o. What is the remainder when g is divided by 26?
24
Let q(m) be the second derivative of -m**3 - 5*m**2/2 - 25*m. Let b be q(-2). Let v(d) = 3*d**2 - 20*d + 4. What is the remainder when v(b) is divided by 6?
5
Let d(u) = -u**3 + 27*u**2 - 143*u + 115. What is the remainder when 2144 is divided by d(20)?
54
Suppose -20*p + 14392 - 2217 = 5*p. What is the remainder when p is divided by 155?
22
Let y = -7747 + 8139. What is the remainder when y is divided by 19?
12
Suppose 15*q + 702 = 9*q. What is the remainder when 20 is divided by (8/(-6))/4 - 2145/q?
2
Let k = -60 - -63. Suppose k*i - 3*p - 30 = 0, i = -4*i - 2*p + 36. Let u(m) = -m**3 + m**2 + 35*m + 7. Calculate the remainder when u(6) is divided by i.
5
Calculate the remainder when 725 is divided by (4 - 1) + (2/9 - (-70196)/828).
21
Let n = 9 + -5. Suppose n*l - i - 343 = -111, 0 = -4*l - 3*i + 248. Let r(b) = -b**3 + 7*b**2 + 23*b - 162. Calculate the remainder when l is divided by r(6).
11
Let y(n) = 21*n**2 + 8*n - 24. Calculate the remainder when y(5) is divided by 184.
173
Suppose -y - 5 + 1 = 0. Calculate the remainder when y/2*17/(-2) is divided by 16/3*756/672.
5
Suppose -3*h - 229 = -565. Let o = 157 - h. What is the remainder when 147 is divided by o?
12
Suppose 126*v = 128*v + 502. Let m = -245 - v. What is the remainder when 82 is divided by m?
4
Suppose -4234 = -4*s - 1318. Let h = 827 - s. Calculate the remainder when 978 is divided by h.
96
Let h = 14135 + -10479. What is the remainder when h is divided by 59?
57
Suppose 0 = 2*n - v - 100, -27*n - 250 = -32*n + v. What is the remainder when n is divided by (19/4)/(1/4)?
12
Let b = 17 - 20. Let x be 51 - (4 + b)*2. Suppose x = 4*g - 179. What is the remainder when g is divided by 12?
9
Suppose n = 3*g + 95, 6*n - 215 = 3*n - 5*g. Let w = n - 77. Suppose -o = -4*o - w*k + 27, 16 = -4*k. What is the remainder when 37 is divided by o?
11
Let b(f) = -847*f**3 - 5*f**2 - 8*f - 3. What is the remainder when b(-1) is divided by 10?
7
Let s(q) = q**3 + 23*q**2 - 18*q + 256. What is the remainder when s(-24) is divided by 23?
20
Suppose 11*i - 7452 = -852. Suppose o + 9*o = i. Suppose 0*m - 80 = -5*m. What is the remainder when o is divided by m?
12
Let b(i) = -i**3 - 6*i**2 - 5*i + 2. Let w be b(-5). Suppose -w*j + 10 = 0, 8*r - 3*r